{"id":16631,"date":"2023-03-22T23:47:54","date_gmt":"2023-03-23T05:47:54","guid":{"rendered":"https:\/\/arka.design\/ludoteka\/?page_id=16631"},"modified":"2023-03-22T23:47:54","modified_gmt":"2023-03-23T05:47:54","slug":"faqs","status":"publish","type":"page","link":"https:\/\/shapp.mx\/ludoteka\/faqs\/","title":{"rendered":"FAQs"},"content":{"rendered":"\t\t<div data-elementor-type=\"wp-page\" data-elementor-id=\"16631\" class=\"elementor elementor-16631\">\n\t\t\t\t\t\t<section class=\"elementor-section elementor-top-section elementor-element elementor-element-0707cfc elementor-section-boxed elementor-section-height-default elementor-section-height-default\" data-id=\"0707cfc\" data-element_type=\"section\">\n\t\t\t\t\t\t<div class=\"elementor-container elementor-column-gap-default\">\n\t\t\t\t\t<div class=\"elementor-column elementor-col-100 elementor-top-column elementor-element elementor-element-81b60d0\" data-id=\"81b60d0\" data-element_type=\"column\">\n\t\t\t<div class=\"elementor-widget-wrap elementor-element-populated\">\n\t\t\t\t\t\t<div class=\"elementor-element elementor-element-383b637 elementor-widget elementor-widget-text-editor\" data-id=\"383b637\" data-element_type=\"widget\" data-widget_type=\"text-editor.default\">\n\t\t\t\t<div class=\"elementor-widget-container\">\n\t\t\t\t\t\t\t\t\t<p><strong>Registro para comprar en <a href=\"https:\/\/ludoteka.mx\/\">https:\/\/ludoteka.mx\/<\/a><\/strong><\/p>\n<h3><strong>Pasos para crear tu cuenta<\/strong><\/h3>\n<p>Si a\u00fan no te has registrado en https:\/\/ludoteka.mx\/ debes crear una\u00a0<strong>Cuenta Nueva, <\/strong>esto lo puedes hacer con la cuenta de Facebook o de Googel, o bien\u00a0desde el boton\u00a0\u201c<strong>Crear cuenta<\/strong>\u201d\u00a0ubicado en la parte superior izquiera de la p\u00e1gina.<\/p>\n<p><strong>\u00a0<\/strong>Al dar click en\u00a0\u201c<strong>Crear cuenta<\/strong>\u201d\u00a0podr\u00e1s ver las condiciones, beneficios, y los t\u00e9rminos de uso del sitio as\u00ed como el aviso de privacidad de datos. Lee con mucha atenci\u00f3n todas las secciones. Te vas a tener que registrar con tu correo electronico y una contrase\u00f1a, tu cuenta quedara ligada a este correo electronico.<\/p>\n<p>Al ingresar vas a tener que completar tu \u201c<strong>Informaci\u00f3n personal\u201d<\/strong>, donde tendras que llenar la siguiente informaci\u00f3n:<\/p>\n<ul>\n<li>Nombre (es un campo obligatorio)<\/li>\n<li>Apellido (es un campo obigatorio)<\/li>\n<li>Nombre visible (es un campo obligatorio)<\/li>\n<li>De forma opcional puedes cambiar tu contrase\u00f1a si as\u00ed lo deseas.<\/li>\n<\/ul>\n<h3><strong>Pasos para agregar tu direcci\u00f3n\u00a0<\/strong><\/h3>\n<p>&nbsp;<\/p>\n<h3><strong>\u00bfC\u00f3mo comprar?<\/strong><\/h3>\n<p>1.- Para encontrar los art\u00edculos, utiliza el\u00a0<strong>men\u00fa de categorias<\/strong>\u00a0o el\u00a0<strong>buscador<\/strong>\u00a0escribiendo el producto que est\u00e1s deseas encontrar.<\/p>\n<p>2-. Una vez que encuentres el art\u00edculo,\u00a0<strong>da click sobre la imagen<\/strong>\u00a0para conocer sus\u00a0<strong>caracter\u00edsticas, descripci\u00f3n.<\/strong><\/p>\n<ul>\n<li>Importante: Verifica la disponibilidad del producto.<\/li>\n<\/ul>\n<p>3.- Da click en<strong> \u201cicono del carrito de compras\u201d\u00a0<\/strong> y repite el mismo procedimiento agregando todos los productos que desees.<\/p>\n<p>4.- Para continuar tu compra,\u00a0da click en<strong> \u201cVer carrito\u201d<\/strong> o <strong>\u201cFinalizar compra\u201d<\/strong><\/p>\n<ul>\n<li>Importante: Verifica el total a pagar y la cantidad de art\u00edculos que deseas comprar.<\/li>\n<\/ul>\n<p>5.- Da click en<strong> \u201cPagar\u201d\u00a0<\/strong>para continuar con el proceso de tu pedido.<\/p>\n<ul>\n<li>Importante: Verifica que sean correctos los datos de tu direcci\u00f3n.<\/li>\n<\/ul>\n<p>6.- Da click en \u201c<strong>Procesar pago\u201d<\/strong>\u00a0para finalizar tu compra.<\/p>\n<p>Se te mandara un correo donde se te confirmara tu compra, se te proporcionara<strong>\u00a0\u00abN\u00famero de Orden\u00bb<\/strong>\u00a0con el cual podr\u00e1s dar seguimiento a tu pedido.<\/p>\n\t\t\t\t\t\t\t\t<\/div>\n\t\t\t\t<\/div>\n\t\t\t\t\t<\/div>\n\t\t<\/div>\n\t\t\t\t\t<\/div>\n\t\t<\/section>\n\t\t\t\t<\/div>\n\t\t","protected":false},"excerpt":{"rendered":"","protected":false},"author":1,"featured_media":0,"parent":0,"menu_order":0,"comment_status":"closed","ping_status":"closed","template":"","meta":{"inline_featured_image":false,"footnotes":""},"class_list":["post-16631","page","type-page","status-publish","hentry"],"_links":{"self":[{"href":"https:\/\/shapp.mx\/ludoteka\/wp-json\/wp\/v2\/pages\/16631","targetHints":{"allow":["GET"]}}],"collection":[{"href":"https:\/\/shapp.mx\/ludoteka\/wp-json\/wp\/v2\/pages"}],"about":[{"href":"https:\/\/shapp.mx\/ludoteka\/wp-json\/wp\/v2\/types\/page"}],"author":[{"embeddable":true,"href":"https:\/\/shapp.mx\/ludoteka\/wp-json\/wp\/v2\/users\/1"}],"replies":[{"embeddable":true,"href":"https:\/\/shapp.mx\/ludoteka\/wp-json\/wp\/v2\/comments?post=16631"}],"version-history":[{"count":0,"href":"https:\/\/shapp.mx\/ludoteka\/wp-json\/wp\/v2\/pages\/16631\/revisions"}],"wp:attachment":[{"href":"https:\/\/shapp.mx\/ludoteka\/wp-json\/wp\/v2\/media?parent=16631"}],"curies":[{"name":"wp","href":"https:\/\/api.w.org\/{rel}","templated":true}]}}