{"id":17272,"date":"2023-04-21T16:31:53","date_gmt":"2023-04-21T22:31:53","guid":{"rendered":"https:\/\/arka.design\/ludoteka\/?post_type=product&#038;p=17272"},"modified":"2023-06-29T15:09:47","modified_gmt":"2023-06-29T21:09:47","slug":"catan-expansin-5-6","status":"publish","type":"product","link":"https:\/\/shapp.mx\/ludoteka\/producto\/catan-expansin-5-6\/","title":{"rendered":"Catan expansi\u00f3n 5-6"},"content":{"rendered":"<p><span data-sheets-value=\"{&quot;1&quot;:2,&quot;2&quot;:&quot;La Ampliaci\u00f3n de CATAN para 5 y 6 jugadores trae todo lo necesario para que tus juegos de CATAN sean m\u00e1s \u00e9picos, pues incluye piezas en dos nuevos colores que permiten a dos jugadores m\u00e1s competir por dominar la isla. Pero esto no es todo, pues tambi\u00e9n trae m\u00e1s losetas de terreno y de costa para que en la isla quepan todos los jugadores. El \u00fanico cambio que la Ampliaci\u00f3n para 5 y 6 jugadores tiene en las reglas es que, al final de cada turno, hay una ronda de construcci\u00f3n en la que todos los jugadores pueden construir, lo cual ofrece nuevas estrategias y oportunidades al jugar este cl\u00e1sico juego. Comparte la diversi\u00f3n de jugar CATAN con m\u00e1s personas con la Ampliaci\u00f3n para 5 y 6 jugadores. Para usar esta ampliaci\u00f3n es necesario el juego base de CATAN.&quot;}\" data-sheets-userformat=\"{&quot;2&quot;:6530,&quot;4&quot;:{&quot;1&quot;:2,&quot;2&quot;:16777215},&quot;10&quot;:2,&quot;11&quot;:4,&quot;14&quot;:{&quot;1&quot;:2,&quot;2&quot;:0},&quot;15&quot;:&quot;Arial&quot;}\">La Ampliaci\u00f3n de\u00a0<strong>CATAN<\/strong>\u00a0para 5 y 6 jugadores trae todo lo necesario para que tus juegos de\u00a0<strong>CATAN<\/strong>\u00a0sean m\u00e1s \u00e9picos, pues incluye piezas en dos nuevos colores que permiten a dos jugadores m\u00e1s competir por dominar la isla. Pero esto no es todo, pues tambi\u00e9n trae m\u00e1s losetas de terreno y de costa para que en la isla quepan todos los jugadores. El \u00fanico cambio que la Ampliaci\u00f3n para 5 y 6 jugadores tiene en las reglas es que, al final de cada turno, hay una ronda de construcci\u00f3n en la que todos los jugadores pueden construir, lo cual ofrece nuevas estrategias y oportunidades al jugar este cl\u00e1sico juego. Comparte la diversi\u00f3n de jugar\u00a0<strong>CATAN<\/strong>\u00a0con m\u00e1s personas con la Ampliaci\u00f3n para 5 y 6 jugadores.<\/span><\/p>\n<p><span data-sheets-value=\"{&quot;1&quot;:2,&quot;2&quot;:&quot;La Ampliaci\u00f3n de CATAN para 5 y 6 jugadores trae todo lo necesario para que tus juegos de CATAN sean m\u00e1s \u00e9picos, pues incluye piezas en dos nuevos colores que permiten a dos jugadores m\u00e1s competir por dominar la isla. Pero esto no es todo, pues tambi\u00e9n trae m\u00e1s losetas de terreno y de costa para que en la isla quepan todos los jugadores. El \u00fanico cambio que la Ampliaci\u00f3n para 5 y 6 jugadores tiene en las reglas es que, al final de cada turno, hay una ronda de construcci\u00f3n en la que todos los jugadores pueden construir, lo cual ofrece nuevas estrategias y oportunidades al jugar este cl\u00e1sico juego. Comparte la diversi\u00f3n de jugar CATAN con m\u00e1s personas con la Ampliaci\u00f3n para 5 y 6 jugadores. Para usar esta ampliaci\u00f3n es necesario el juego base de CATAN.&quot;}\" data-sheets-userformat=\"{&quot;2&quot;:6530,&quot;4&quot;:{&quot;1&quot;:2,&quot;2&quot;:16777215},&quot;10&quot;:2,&quot;11&quot;:4,&quot;14&quot;:{&quot;1&quot;:2,&quot;2&quot;:0},&quot;15&quot;:&quot;Arial&quot;}\">Para usar esta ampliaci\u00f3n es necesario el juego base de\u00a0<strong>CATAN<\/strong>.<\/span><\/p>\n","protected":false},"excerpt":{"rendered":"<p>La Ampliaci\u00f3n de\u00a0CATAN\u00a0para 5 y 6 jugadores trae todo lo necesario para que tus juegos de\u00a0CATAN\u00a0sean m\u00e1s \u00e9picos, pues incluye piezas en dos nuevos colores que permiten a dos jugadores m\u00e1s competir por dominar la isla. Pero esto no es todo, pues tambi\u00e9n trae m\u00e1s losetas de terreno y de costa para que en la [&hellip;]<\/p>\n","protected":false},"featured_media":18360,"template":"","meta":{"inline_featured_image":false,"_juego_de_la_semana":"no","_idioma":"Espa\u00f1ol","_jugadores-minimos":"5","_jugadores-maximos":"6","_duracion-minima":"70","_duracion-maxima":"","_edad-recomendada":"12","_editorial":"Devir","imagen-header":"19044","_precio-proveedor":"","_fecha-compra":0},"product_brand":[],"product_cat":[164],"product_tag":[],"editoriales":[184],"class_list":{"0":"post-17272","1":"product","2":"type-product","3":"status-publish","4":"has-post-thumbnail","6":"product_cat-eurogame","7":"editoriales-devir","9":"first","10":"instock","11":"featured","12":"shipping-taxable","13":"purchasable","14":"product-type-simple"},"_links":{"self":[{"href":"https:\/\/shapp.mx\/ludoteka\/wp-json\/wp\/v2\/product\/17272","targetHints":{"allow":["GET"]}}],"collection":[{"href":"https:\/\/shapp.mx\/ludoteka\/wp-json\/wp\/v2\/product"}],"about":[{"href":"https:\/\/shapp.mx\/ludoteka\/wp-json\/wp\/v2\/types\/product"}],"wp:featuredmedia":[{"embeddable":true,"href":"https:\/\/shapp.mx\/ludoteka\/wp-json\/wp\/v2\/media\/18360"}],"wp:attachment":[{"href":"https:\/\/shapp.mx\/ludoteka\/wp-json\/wp\/v2\/media?parent=17272"}],"wp:term":[{"taxonomy":"product_brand","embeddable":true,"href":"https:\/\/shapp.mx\/ludoteka\/wp-json\/wp\/v2\/product_brand?post=17272"},{"taxonomy":"product_cat","embeddable":true,"href":"https:\/\/shapp.mx\/ludoteka\/wp-json\/wp\/v2\/product_cat?post=17272"},{"taxonomy":"product_tag","embeddable":true,"href":"https:\/\/shapp.mx\/ludoteka\/wp-json\/wp\/v2\/product_tag?post=17272"},{"taxonomy":"editoriales","embeddable":true,"href":"https:\/\/shapp.mx\/ludoteka\/wp-json\/wp\/v2\/editoriales?post=17272"}],"curies":[{"name":"wp","href":"https:\/\/api.w.org\/{rel}","templated":true}]}}