{"id":17298,"date":"2023-04-21T16:32:08","date_gmt":"2023-04-21T22:32:08","guid":{"rendered":"https:\/\/arka.design\/ludoteka\/?post_type=product&#038;p=17298"},"modified":"2023-07-05T16:30:20","modified_gmt":"2023-07-05T22:30:20","slug":"its-a-woderful-world","status":"publish","type":"product","link":"https:\/\/shapp.mx\/ludoteka\/producto\/its-a-woderful-world\/","title":{"rendered":"Its  A Woderful World"},"content":{"rendered":"<p>En su mundo maravilloso, est\u00e1s liderando un imperio en expansi\u00f3n. Debes elegir el camino que te llevar\u00e1 a desarrollarte m\u00e1s r\u00e1pido y mejor que tus competidores. El juego dura cuatro rondas. Cada ronda, redactas cartas que usas para producir recursos y desarrollar tu imperio. Despu\u00e9s de haber elegido tus tarjetas, puedes reciclar algunas de ellas para adquirir recursos inmediatamente o pizarrarlas para la construcci\u00f3n para producir recursos Cada ronda y\/o ganar puntos de victoria. Al final de la cuarta ronda, el jugador con m\u00e1s puntos de victoria gana el juego.<\/p>\n","protected":false},"excerpt":{"rendered":"<p>En su mundo maravilloso, est\u00e1s liderando un imperio en expansi\u00f3n. Debes elegir el camino que te llevar\u00e1 a desarrollarte m\u00e1s r\u00e1pido y mejor que tus competidores. El juego dura cuatro rondas. Cada ronda, redactas cartas que usas para producir recursos y desarrollar tu imperio. Despu\u00e9s de haber elegido tus tarjetas, puedes reciclar algunas de ellas [&hellip;]<\/p>\n","protected":false},"featured_media":18393,"template":"","meta":{"inline_featured_image":false,"_juego_de_la_semana":"no","_idioma":"Espa\u00f1ol","_jugadores-minimos":"1","_jugadores-maximos":"5","_duracion-minima":"45","_duracion-maxima":"75","_edad-recomendada":"14","_editorial":"Maldito Games","imagen-header":"19044","_precio-proveedor":"","_fecha-compra":0},"product_brand":[],"product_cat":[164],"product_tag":[],"editoriales":[187],"class_list":{"0":"post-17298","1":"product","2":"type-product","3":"status-publish","4":"has-post-thumbnail","6":"product_cat-eurogame","7":"editoriales-maldito-games","9":"first","10":"instock","11":"shipping-taxable","12":"product-type-simple"},"_links":{"self":[{"href":"https:\/\/shapp.mx\/ludoteka\/wp-json\/wp\/v2\/product\/17298","targetHints":{"allow":["GET"]}}],"collection":[{"href":"https:\/\/shapp.mx\/ludoteka\/wp-json\/wp\/v2\/product"}],"about":[{"href":"https:\/\/shapp.mx\/ludoteka\/wp-json\/wp\/v2\/types\/product"}],"wp:featuredmedia":[{"embeddable":true,"href":"https:\/\/shapp.mx\/ludoteka\/wp-json\/wp\/v2\/media\/18393"}],"wp:attachment":[{"href":"https:\/\/shapp.mx\/ludoteka\/wp-json\/wp\/v2\/media?parent=17298"}],"wp:term":[{"taxonomy":"product_brand","embeddable":true,"href":"https:\/\/shapp.mx\/ludoteka\/wp-json\/wp\/v2\/product_brand?post=17298"},{"taxonomy":"product_cat","embeddable":true,"href":"https:\/\/shapp.mx\/ludoteka\/wp-json\/wp\/v2\/product_cat?post=17298"},{"taxonomy":"product_tag","embeddable":true,"href":"https:\/\/shapp.mx\/ludoteka\/wp-json\/wp\/v2\/product_tag?post=17298"},{"taxonomy":"editoriales","embeddable":true,"href":"https:\/\/shapp.mx\/ludoteka\/wp-json\/wp\/v2\/editoriales?post=17298"}],"curies":[{"name":"wp","href":"https:\/\/api.w.org\/{rel}","templated":true}]}}