{"id":17307,"date":"2023-04-21T16:32:10","date_gmt":"2023-04-21T22:32:10","guid":{"rendered":"https:\/\/arka.design\/ludoteka\/?post_type=product&#038;p=17307"},"modified":"2023-06-29T13:09:54","modified_gmt":"2023-06-29T19:09:54","slug":"moustro-de-colores","status":"publish","type":"product","link":"https:\/\/shapp.mx\/ludoteka\/producto\/moustro-de-colores\/","title":{"rendered":"Monstro De Colores"},"content":{"rendered":"<p><span data-sheets-value=\"{&quot;1&quot;:2,&quot;2&quot;:&quot;El Monstruo de Colores tiene problemas en entender sus emociones, pero nosotros le podemos ayudar a descubrirlas y entenderlas si cooperamos entre nosotros. Este juego est\u00e1 basado en el popular libro El Monstruo de Colores de la escritora Anna Llenas en donde una ni\u00f1a ayuda a un confundido monstruo a entender sus emociones. Cada turno, los jugadores lanzar\u00e1n un dado que les permitir\u00e1 mover al monstruo por el tablero, si el monstruo llega a un espacio donde hay una ficha de emoci\u00f3n, podemos decidir recogerla. Si as\u00ed lo hacemos, debemos de contarle a los dem\u00e1s jugadores un recuerdo o una situaci\u00f3n en la que hayamos sentido esa emoci\u00f3n que estamos recogiendo, alg\u00fan momento en el que sentimos felicidad, tristeza, ira, miedo o calma. Una vez que la hemos recogido y compartido nuestro recuerdo o situaci\u00f3n, debemos colocarla en uno de los frascos disponibles. Estos frascos tienen sus colores ocultos, si la ficha de emoci\u00f3n coincide con el frasco que elegimos, la dejamos ah\u00ed. En el caso de que no coincida, regresaremos el frasco y la ficha a donde estaban. Para ganar el juego, los jugadores deberemos de haber colocado todas las emociones en el frasco correcto, pero por el contrario, si nos equivocamos varias veces, y voltamos demasiadas fichas de emoci\u00f3n, el monstruo se confundir\u00e1 y habremos fallado en explicar c\u00f3mo es que funcionan las emociones, perdiendo el juego. Definitivamente el Monstruo de Colores es un excelente juego para divertirnos junto a los peque\u00f1os de la casa y aprender junto al monstruo a expresar nuestras emociones.&quot;}\" data-sheets-userformat=\"{&quot;2&quot;:2,&quot;4&quot;:{&quot;1&quot;:2,&quot;2&quot;:16637160}}\">El Monstruo de Colores tiene problemas en entender sus emociones, pero nosotros le podemos ayudar a descubrirlas y entenderlas si cooperamos entre nosotros. Este juego est\u00e1 basado en el popular libro El Monstruo de Colores de la escritora Anna Llenas en donde una ni\u00f1a ayuda a un confundido monstruo a entender sus emociones.<\/span><\/p>\n<p><span data-sheets-value=\"{&quot;1&quot;:2,&quot;2&quot;:&quot;El Monstruo de Colores tiene problemas en entender sus emociones, pero nosotros le podemos ayudar a descubrirlas y entenderlas si cooperamos entre nosotros. Este juego est\u00e1 basado en el popular libro El Monstruo de Colores de la escritora Anna Llenas en donde una ni\u00f1a ayuda a un confundido monstruo a entender sus emociones. Cada turno, los jugadores lanzar\u00e1n un dado que les permitir\u00e1 mover al monstruo por el tablero, si el monstruo llega a un espacio donde hay una ficha de emoci\u00f3n, podemos decidir recogerla. Si as\u00ed lo hacemos, debemos de contarle a los dem\u00e1s jugadores un recuerdo o una situaci\u00f3n en la que hayamos sentido esa emoci\u00f3n que estamos recogiendo, alg\u00fan momento en el que sentimos felicidad, tristeza, ira, miedo o calma. Una vez que la hemos recogido y compartido nuestro recuerdo o situaci\u00f3n, debemos colocarla en uno de los frascos disponibles. Estos frascos tienen sus colores ocultos, si la ficha de emoci\u00f3n coincide con el frasco que elegimos, la dejamos ah\u00ed. En el caso de que no coincida, regresaremos el frasco y la ficha a donde estaban. Para ganar el juego, los jugadores deberemos de haber colocado todas las emociones en el frasco correcto, pero por el contrario, si nos equivocamos varias veces, y voltamos demasiadas fichas de emoci\u00f3n, el monstruo se confundir\u00e1 y habremos fallado en explicar c\u00f3mo es que funcionan las emociones, perdiendo el juego. Definitivamente el Monstruo de Colores es un excelente juego para divertirnos junto a los peque\u00f1os de la casa y aprender junto al monstruo a expresar nuestras emociones.&quot;}\" data-sheets-userformat=\"{&quot;2&quot;:2,&quot;4&quot;:{&quot;1&quot;:2,&quot;2&quot;:16637160}}\">Cada turno, los jugadores lanzar\u00e1n un dado que les permitir\u00e1 mover al monstruo por el tablero, si el monstruo llega a un espacio donde hay una ficha de emoci\u00f3n, podemos decidir recogerla.<\/span><\/p>\n<p><span data-sheets-value=\"{&quot;1&quot;:2,&quot;2&quot;:&quot;El Monstruo de Colores tiene problemas en entender sus emociones, pero nosotros le podemos ayudar a descubrirlas y entenderlas si cooperamos entre nosotros. Este juego est\u00e1 basado en el popular libro El Monstruo de Colores de la escritora Anna Llenas en donde una ni\u00f1a ayuda a un confundido monstruo a entender sus emociones. Cada turno, los jugadores lanzar\u00e1n un dado que les permitir\u00e1 mover al monstruo por el tablero, si el monstruo llega a un espacio donde hay una ficha de emoci\u00f3n, podemos decidir recogerla. Si as\u00ed lo hacemos, debemos de contarle a los dem\u00e1s jugadores un recuerdo o una situaci\u00f3n en la que hayamos sentido esa emoci\u00f3n que estamos recogiendo, alg\u00fan momento en el que sentimos felicidad, tristeza, ira, miedo o calma. Una vez que la hemos recogido y compartido nuestro recuerdo o situaci\u00f3n, debemos colocarla en uno de los frascos disponibles. Estos frascos tienen sus colores ocultos, si la ficha de emoci\u00f3n coincide con el frasco que elegimos, la dejamos ah\u00ed. En el caso de que no coincida, regresaremos el frasco y la ficha a donde estaban. Para ganar el juego, los jugadores deberemos de haber colocado todas las emociones en el frasco correcto, pero por el contrario, si nos equivocamos varias veces, y voltamos demasiadas fichas de emoci\u00f3n, el monstruo se confundir\u00e1 y habremos fallado en explicar c\u00f3mo es que funcionan las emociones, perdiendo el juego. Definitivamente el Monstruo de Colores es un excelente juego para divertirnos junto a los peque\u00f1os de la casa y aprender junto al monstruo a expresar nuestras emociones.&quot;}\" data-sheets-userformat=\"{&quot;2&quot;:2,&quot;4&quot;:{&quot;1&quot;:2,&quot;2&quot;:16637160}}\">Si as\u00ed lo hacemos, debemos de contarle a los dem\u00e1s jugadores un recuerdo o una situaci\u00f3n en la que hayamos sentido esa emoci\u00f3n que estamos recogiendo, alg\u00fan momento en el que sentimos felicidad, tristeza, ira, miedo o calma.<\/span><\/p>\n<p><span data-sheets-value=\"{&quot;1&quot;:2,&quot;2&quot;:&quot;El Monstruo de Colores tiene problemas en entender sus emociones, pero nosotros le podemos ayudar a descubrirlas y entenderlas si cooperamos entre nosotros. Este juego est\u00e1 basado en el popular libro El Monstruo de Colores de la escritora Anna Llenas en donde una ni\u00f1a ayuda a un confundido monstruo a entender sus emociones. Cada turno, los jugadores lanzar\u00e1n un dado que les permitir\u00e1 mover al monstruo por el tablero, si el monstruo llega a un espacio donde hay una ficha de emoci\u00f3n, podemos decidir recogerla. Si as\u00ed lo hacemos, debemos de contarle a los dem\u00e1s jugadores un recuerdo o una situaci\u00f3n en la que hayamos sentido esa emoci\u00f3n que estamos recogiendo, alg\u00fan momento en el que sentimos felicidad, tristeza, ira, miedo o calma. Una vez que la hemos recogido y compartido nuestro recuerdo o situaci\u00f3n, debemos colocarla en uno de los frascos disponibles. Estos frascos tienen sus colores ocultos, si la ficha de emoci\u00f3n coincide con el frasco que elegimos, la dejamos ah\u00ed. En el caso de que no coincida, regresaremos el frasco y la ficha a donde estaban. Para ganar el juego, los jugadores deberemos de haber colocado todas las emociones en el frasco correcto, pero por el contrario, si nos equivocamos varias veces, y voltamos demasiadas fichas de emoci\u00f3n, el monstruo se confundir\u00e1 y habremos fallado en explicar c\u00f3mo es que funcionan las emociones, perdiendo el juego. Definitivamente el Monstruo de Colores es un excelente juego para divertirnos junto a los peque\u00f1os de la casa y aprender junto al monstruo a expresar nuestras emociones.&quot;}\" data-sheets-userformat=\"{&quot;2&quot;:2,&quot;4&quot;:{&quot;1&quot;:2,&quot;2&quot;:16637160}}\">Una vez que la hemos recogido y compartido nuestro recuerdo o situaci\u00f3n, debemos colocarla en uno de los frascos disponibles. Estos frascos tienen sus colores ocultos, si la ficha de emoci\u00f3n coincide con el frasco que elegimos, la dejamos ah\u00ed.<\/span><\/p>\n<p><span data-sheets-value=\"{&quot;1&quot;:2,&quot;2&quot;:&quot;El Monstruo de Colores tiene problemas en entender sus emociones, pero nosotros le podemos ayudar a descubrirlas y entenderlas si cooperamos entre nosotros. Este juego est\u00e1 basado en el popular libro El Monstruo de Colores de la escritora Anna Llenas en donde una ni\u00f1a ayuda a un confundido monstruo a entender sus emociones. Cada turno, los jugadores lanzar\u00e1n un dado que les permitir\u00e1 mover al monstruo por el tablero, si el monstruo llega a un espacio donde hay una ficha de emoci\u00f3n, podemos decidir recogerla. Si as\u00ed lo hacemos, debemos de contarle a los dem\u00e1s jugadores un recuerdo o una situaci\u00f3n en la que hayamos sentido esa emoci\u00f3n que estamos recogiendo, alg\u00fan momento en el que sentimos felicidad, tristeza, ira, miedo o calma. Una vez que la hemos recogido y compartido nuestro recuerdo o situaci\u00f3n, debemos colocarla en uno de los frascos disponibles. Estos frascos tienen sus colores ocultos, si la ficha de emoci\u00f3n coincide con el frasco que elegimos, la dejamos ah\u00ed. En el caso de que no coincida, regresaremos el frasco y la ficha a donde estaban. Para ganar el juego, los jugadores deberemos de haber colocado todas las emociones en el frasco correcto, pero por el contrario, si nos equivocamos varias veces, y voltamos demasiadas fichas de emoci\u00f3n, el monstruo se confundir\u00e1 y habremos fallado en explicar c\u00f3mo es que funcionan las emociones, perdiendo el juego. Definitivamente el Monstruo de Colores es un excelente juego para divertirnos junto a los peque\u00f1os de la casa y aprender junto al monstruo a expresar nuestras emociones.&quot;}\" data-sheets-userformat=\"{&quot;2&quot;:2,&quot;4&quot;:{&quot;1&quot;:2,&quot;2&quot;:16637160}}\">En el caso de que no coincida, regresaremos el frasco y la ficha a donde estaban. Para ganar el juego, los jugadores deberemos de haber colocado todas las emociones en el frasco correcto, pero por el contrario, si nos equivocamos varias veces, y volteamos demasiadas fichas de emoci\u00f3n, el monstruo se confundir\u00e1 y habremos fallado en explicar c\u00f3mo es que funcionan las emociones, perdiendo el juego.<\/span><\/p>\n<p><span data-sheets-value=\"{&quot;1&quot;:2,&quot;2&quot;:&quot;El Monstruo de Colores tiene problemas en entender sus emociones, pero nosotros le podemos ayudar a descubrirlas y entenderlas si cooperamos entre nosotros. Este juego est\u00e1 basado en el popular libro El Monstruo de Colores de la escritora Anna Llenas en donde una ni\u00f1a ayuda a un confundido monstruo a entender sus emociones. Cada turno, los jugadores lanzar\u00e1n un dado que les permitir\u00e1 mover al monstruo por el tablero, si el monstruo llega a un espacio donde hay una ficha de emoci\u00f3n, podemos decidir recogerla. Si as\u00ed lo hacemos, debemos de contarle a los dem\u00e1s jugadores un recuerdo o una situaci\u00f3n en la que hayamos sentido esa emoci\u00f3n que estamos recogiendo, alg\u00fan momento en el que sentimos felicidad, tristeza, ira, miedo o calma. Una vez que la hemos recogido y compartido nuestro recuerdo o situaci\u00f3n, debemos colocarla en uno de los frascos disponibles. Estos frascos tienen sus colores ocultos, si la ficha de emoci\u00f3n coincide con el frasco que elegimos, la dejamos ah\u00ed. En el caso de que no coincida, regresaremos el frasco y la ficha a donde estaban. Para ganar el juego, los jugadores deberemos de haber colocado todas las emociones en el frasco correcto, pero por el contrario, si nos equivocamos varias veces, y voltamos demasiadas fichas de emoci\u00f3n, el monstruo se confundir\u00e1 y habremos fallado en explicar c\u00f3mo es que funcionan las emociones, perdiendo el juego. Definitivamente el Monstruo de Colores es un excelente juego para divertirnos junto a los peque\u00f1os de la casa y aprender junto al monstruo a expresar nuestras emociones.&quot;}\" data-sheets-userformat=\"{&quot;2&quot;:2,&quot;4&quot;:{&quot;1&quot;:2,&quot;2&quot;:16637160}}\">Definitivamente el Monstruo de Colores es un excelente juego para divertirnos junto a los peque\u00f1os de la casa y aprender junto al monstruo a expresar nuestras emociones.<\/span><\/p>\n","protected":false},"excerpt":{"rendered":"<p>El Monstruo de Colores tiene problemas en entender sus emociones, pero nosotros le podemos ayudar a descubrirlas y entenderlas si cooperamos entre nosotros. Este juego est\u00e1 basado en el popular libro El Monstruo de Colores de la escritora Anna Llenas en donde una ni\u00f1a ayuda a un confundido monstruo a entender sus emociones. Cada turno, [&hellip;]<\/p>\n","protected":false},"featured_media":18405,"template":"","meta":{"inline_featured_image":false,"_juego_de_la_semana":"no","_idioma":"Espa\u00f1ol","_jugadores-minimos":"2","_jugadores-maximos":"5","_duracion-minima":"20","_duracion-maxima":"","_edad-recomendada":"3","_editorial":"Devir","imagen-header":"19044","_precio-proveedor":"","_fecha-compra":0},"product_brand":[],"product_cat":[165],"product_tag":[],"editoriales":[184],"class_list":{"0":"post-17307","1":"product","2":"type-product","3":"status-publish","4":"has-post-thumbnail","6":"product_cat-infantil","7":"editoriales-devir","9":"first","10":"instock","11":"shipping-taxable","12":"purchasable","13":"product-type-simple"},"_links":{"self":[{"href":"https:\/\/shapp.mx\/ludoteka\/wp-json\/wp\/v2\/product\/17307","targetHints":{"allow":["GET"]}}],"collection":[{"href":"https:\/\/shapp.mx\/ludoteka\/wp-json\/wp\/v2\/product"}],"about":[{"href":"https:\/\/shapp.mx\/ludoteka\/wp-json\/wp\/v2\/types\/product"}],"wp:featuredmedia":[{"embeddable":true,"href":"https:\/\/shapp.mx\/ludoteka\/wp-json\/wp\/v2\/media\/18405"}],"wp:attachment":[{"href":"https:\/\/shapp.mx\/ludoteka\/wp-json\/wp\/v2\/media?parent=17307"}],"wp:term":[{"taxonomy":"product_brand","embeddable":true,"href":"https:\/\/shapp.mx\/ludoteka\/wp-json\/wp\/v2\/product_brand?post=17307"},{"taxonomy":"product_cat","embeddable":true,"href":"https:\/\/shapp.mx\/ludoteka\/wp-json\/wp\/v2\/product_cat?post=17307"},{"taxonomy":"product_tag","embeddable":true,"href":"https:\/\/shapp.mx\/ludoteka\/wp-json\/wp\/v2\/product_tag?post=17307"},{"taxonomy":"editoriales","embeddable":true,"href":"https:\/\/shapp.mx\/ludoteka\/wp-json\/wp\/v2\/editoriales?post=17307"}],"curies":[{"name":"wp","href":"https:\/\/api.w.org\/{rel}","templated":true}]}}