{"id":17308,"date":"2023-04-21T16:32:10","date_gmt":"2023-04-21T22:32:10","guid":{"rendered":"https:\/\/arka.design\/ludoteka\/?post_type=product&#038;p=17308"},"modified":"2023-06-29T13:11:23","modified_gmt":"2023-06-29T19:11:23","slug":"out-of-this-world","status":"publish","type":"product","link":"https:\/\/shapp.mx\/ludoteka\/producto\/out-of-this-world\/","title":{"rendered":"Out Of This World"},"content":{"rendered":"<p>La vida suele ser bastante para este grupo de adolescentes. Van al instituto, hacen los deberes (a veces) y de vez en cuando pasan la tarde juntos sentados en su banco preferido antes de irse a casa a cenar. Cada d\u00eda lo mismo. Un suceso inesperado est\u00e1 a punto de sacudir ese mundo tan previsible. Est\u00e1n pasando cosas muy extra\u00f1as, pero los adultos no parece que se est\u00e9n enterando. Solo este peque\u00f1o grupo de amigos parece estar a la altura para salvar el mundo. Ha llegado la hora de montarse en las bicicletas\u2026\u00a0<strong>\u00a1y salir a vivir una aventura!<\/strong>\u00a0Tendr\u00e1s que intentar combinar las herramientas adecuadas (como un yoy\u00f3, un espray de colores y una linterna) para detener una amenaza sobrenatural. El problema es que durante la fase principal del juego, tan solo uno de los jugadores tiene el derecho de hablar. Tendr\u00e1s que coordinarte bien para salir victoriosos en vuestra aventura.<\/p>\n","protected":false},"excerpt":{"rendered":"<p>La vida suele ser bastante para este grupo de adolescentes. Van al instituto, hacen los deberes (a veces) y de vez en cuando pasan la tarde juntos sentados en su banco preferido antes de irse a casa a cenar. Cada d\u00eda lo mismo. Un suceso inesperado est\u00e1 a punto de sacudir ese mundo tan previsible. [&hellip;]<\/p>\n","protected":false},"featured_media":18409,"template":"","meta":{"inline_featured_image":false,"_juego_de_la_semana":"no","_idioma":"Espa\u00f1ol","_jugadores-minimos":"3","_jugadores-maximos":"5","_duracion-minima":"60","_duracion-maxima":"","_edad-recomendada":"10","_editorial":"Devir","imagen-header":"19044","_precio-proveedor":"","_fecha-compra":0},"product_brand":[],"product_cat":[162],"product_tag":[],"editoriales":[184],"class_list":{"0":"post-17308","1":"product","2":"type-product","3":"status-publish","4":"has-post-thumbnail","6":"product_cat-destacados","7":"editoriales-devir","9":"first","10":"instock","11":"shipping-taxable","12":"purchasable","13":"product-type-simple"},"_links":{"self":[{"href":"https:\/\/shapp.mx\/ludoteka\/wp-json\/wp\/v2\/product\/17308","targetHints":{"allow":["GET"]}}],"collection":[{"href":"https:\/\/shapp.mx\/ludoteka\/wp-json\/wp\/v2\/product"}],"about":[{"href":"https:\/\/shapp.mx\/ludoteka\/wp-json\/wp\/v2\/types\/product"}],"wp:featuredmedia":[{"embeddable":true,"href":"https:\/\/shapp.mx\/ludoteka\/wp-json\/wp\/v2\/media\/18409"}],"wp:attachment":[{"href":"https:\/\/shapp.mx\/ludoteka\/wp-json\/wp\/v2\/media?parent=17308"}],"wp:term":[{"taxonomy":"product_brand","embeddable":true,"href":"https:\/\/shapp.mx\/ludoteka\/wp-json\/wp\/v2\/product_brand?post=17308"},{"taxonomy":"product_cat","embeddable":true,"href":"https:\/\/shapp.mx\/ludoteka\/wp-json\/wp\/v2\/product_cat?post=17308"},{"taxonomy":"product_tag","embeddable":true,"href":"https:\/\/shapp.mx\/ludoteka\/wp-json\/wp\/v2\/product_tag?post=17308"},{"taxonomy":"editoriales","embeddable":true,"href":"https:\/\/shapp.mx\/ludoteka\/wp-json\/wp\/v2\/editoriales?post=17308"}],"curies":[{"name":"wp","href":"https:\/\/api.w.org\/{rel}","templated":true}]}}