{"id":17310,"date":"2023-04-21T16:32:10","date_gmt":"2023-04-21T22:32:10","guid":{"rendered":"https:\/\/arka.design\/ludoteka\/?post_type=product&#038;p=17310"},"modified":"2023-06-29T13:14:25","modified_gmt":"2023-06-29T19:14:25","slug":"plenus","status":"publish","type":"product","link":"https:\/\/shapp.mx\/ludoteka\/producto\/plenus\/","title":{"rendered":"Plenus"},"content":{"rendered":"<div class=\"description woocommerce-product-details__short-description\">\n<p><strong>Plenus<\/strong>\u00a0consiste en ir marcando con una cruz las casillas de color de la hoja de juego, intentando llenar lo antes posible el mayor n\u00famero de columnas o de casillas del mismo color. Para ello debes combinar un dado de colores y un dado num\u00e9rico, e ir marcando las casillas adyacentes del color elegido. Elige el resultado correcto, y de paso r\u00f3bales a los dem\u00e1s jugadores las combinaciones de dados que tanto desean. Tus posibilidades ir\u00e1n aumentando a medida que te vayas extendiendo por la hoja de juego. Adem\u00e1s de ganar puntos por las columnas individuales, podr\u00e1s obtener un bonificador si completas todas las casillas de un mismo color. La partida termina cuando un jugador marca todas las casillas de dos colores distintos. Llegados a este punto\u2026 \u00a1siempre puedes jugar otra partida!<\/p>\n<\/div>\n<div class=\"product_meta\"><\/div>\n","protected":false},"excerpt":{"rendered":"<p>Plenus\u00a0consiste en ir marcando con una cruz las casillas de color de la hoja de juego, intentando llenar lo antes posible el mayor n\u00famero de columnas o de casillas del mismo color. Para ello debes combinar un dado de colores y un dado num\u00e9rico, e ir marcando las casillas adyacentes del color elegido. Elige el [&hellip;]<\/p>\n","protected":false},"featured_media":18569,"template":"","meta":{"inline_featured_image":false,"_juego_de_la_semana":"no","_idioma":"Espa\u00f1ol","_jugadores-minimos":"1","_jugadores-maximos":"6","_duracion-minima":"20","_duracion-maxima":"","_edad-recomendada":"8","_editorial":"Devir","imagen-header":"19044","_precio-proveedor":"","_fecha-compra":0},"product_brand":[],"product_cat":[161],"product_tag":[],"editoriales":[184],"class_list":{"0":"post-17310","1":"product","2":"type-product","3":"status-publish","4":"has-post-thumbnail","6":"product_cat-dados","7":"editoriales-devir","9":"first","10":"instock","11":"shipping-taxable","12":"purchasable","13":"product-type-simple"},"_links":{"self":[{"href":"https:\/\/shapp.mx\/ludoteka\/wp-json\/wp\/v2\/product\/17310","targetHints":{"allow":["GET"]}}],"collection":[{"href":"https:\/\/shapp.mx\/ludoteka\/wp-json\/wp\/v2\/product"}],"about":[{"href":"https:\/\/shapp.mx\/ludoteka\/wp-json\/wp\/v2\/types\/product"}],"wp:featuredmedia":[{"embeddable":true,"href":"https:\/\/shapp.mx\/ludoteka\/wp-json\/wp\/v2\/media\/18569"}],"wp:attachment":[{"href":"https:\/\/shapp.mx\/ludoteka\/wp-json\/wp\/v2\/media?parent=17310"}],"wp:term":[{"taxonomy":"product_brand","embeddable":true,"href":"https:\/\/shapp.mx\/ludoteka\/wp-json\/wp\/v2\/product_brand?post=17310"},{"taxonomy":"product_cat","embeddable":true,"href":"https:\/\/shapp.mx\/ludoteka\/wp-json\/wp\/v2\/product_cat?post=17310"},{"taxonomy":"product_tag","embeddable":true,"href":"https:\/\/shapp.mx\/ludoteka\/wp-json\/wp\/v2\/product_tag?post=17310"},{"taxonomy":"editoriales","embeddable":true,"href":"https:\/\/shapp.mx\/ludoteka\/wp-json\/wp\/v2\/editoriales?post=17310"}],"curies":[{"name":"wp","href":"https:\/\/api.w.org\/{rel}","templated":true}]}}