{"id":17313,"date":"2023-04-21T16:32:11","date_gmt":"2023-04-21T22:32:11","guid":{"rendered":"https:\/\/arka.design\/ludoteka\/?post_type=product&#038;p=17313"},"modified":"2023-06-29T12:56:08","modified_gmt":"2023-06-29T18:56:08","slug":"rhino-hero","status":"publish","type":"product","link":"https:\/\/shapp.mx\/ludoteka\/producto\/rhino-hero\/","title":{"rendered":"Rhino Hero"},"content":{"rendered":"<p>Juntos construyen una casa de cartas, piso por piso, tan alto como puedas para Rhino Hero. Al igual que una casa real, est\u00e1 compuesta de paredes y techos. Como nunca se sabe lo alto que se convertir\u00e1 en los techos parecen un techo. Las marcas en el techo determinan c\u00f3mo deben erigirse las paredes del siguiente piso, y los s\u00edmbolos en el techo determinan ciertas condiciones de construcci\u00f3n, que podr\u00edan mezclar cosas un poco. El objetivo del juego es ser el primero en haber colocado las cartas del techo<\/p>\n","protected":false},"excerpt":{"rendered":"<p>Juntos construyen una casa de cartas, piso por piso, tan alto como puedas para Rhino Hero. Al igual que una casa real, est\u00e1 compuesta de paredes y techos. Como nunca se sabe lo alto que se convertir\u00e1 en los techos parecen un techo. Las marcas en el techo determinan c\u00f3mo deben erigirse las paredes del [&hellip;]<\/p>\n","protected":false},"featured_media":18417,"template":"","meta":{"inline_featured_image":false,"_juego_de_la_semana":"no","_idioma":"Espa\u00f1ol","_jugadores-minimos":"2","_jugadores-maximos":"4","_duracion-minima":"20","_duracion-maxima":"","_edad-recomendada":"4","_editorial":"Haba","imagen-header":"19044","_precio-proveedor":"","_fecha-compra":0},"product_brand":[],"product_cat":[165],"product_tag":[],"editoriales":[185],"class_list":{"0":"post-17313","1":"product","2":"type-product","3":"status-publish","4":"has-post-thumbnail","6":"product_cat-infantil","7":"editoriales-haba","9":"first","10":"instock","11":"shipping-taxable","12":"purchasable","13":"product-type-simple"},"_links":{"self":[{"href":"https:\/\/shapp.mx\/ludoteka\/wp-json\/wp\/v2\/product\/17313","targetHints":{"allow":["GET"]}}],"collection":[{"href":"https:\/\/shapp.mx\/ludoteka\/wp-json\/wp\/v2\/product"}],"about":[{"href":"https:\/\/shapp.mx\/ludoteka\/wp-json\/wp\/v2\/types\/product"}],"wp:featuredmedia":[{"embeddable":true,"href":"https:\/\/shapp.mx\/ludoteka\/wp-json\/wp\/v2\/media\/18417"}],"wp:attachment":[{"href":"https:\/\/shapp.mx\/ludoteka\/wp-json\/wp\/v2\/media?parent=17313"}],"wp:term":[{"taxonomy":"product_brand","embeddable":true,"href":"https:\/\/shapp.mx\/ludoteka\/wp-json\/wp\/v2\/product_brand?post=17313"},{"taxonomy":"product_cat","embeddable":true,"href":"https:\/\/shapp.mx\/ludoteka\/wp-json\/wp\/v2\/product_cat?post=17313"},{"taxonomy":"product_tag","embeddable":true,"href":"https:\/\/shapp.mx\/ludoteka\/wp-json\/wp\/v2\/product_tag?post=17313"},{"taxonomy":"editoriales","embeddable":true,"href":"https:\/\/shapp.mx\/ludoteka\/wp-json\/wp\/v2\/editoriales?post=17313"}],"curies":[{"name":"wp","href":"https:\/\/api.w.org\/{rel}","templated":true}]}}