{"id":17316,"date":"2023-04-21T16:32:12","date_gmt":"2023-04-21T22:32:12","guid":{"rendered":"https:\/\/arka.design\/ludoteka\/?post_type=product&#038;p=17316"},"modified":"2023-06-29T12:55:24","modified_gmt":"2023-06-29T18:55:24","slug":"santorini-ny","status":"publish","type":"product","link":"https:\/\/shapp.mx\/ludoteka\/producto\/santorini-ny\/","title":{"rendered":"Santorini NY"},"content":{"rendered":"<p>Correr\u00e1s para construir una metr\u00f3polis y ocupar\u00e1s tu lugar sobre el edificio m\u00e1s alto y reclamar\u00e1s la victoria<\/p>\n","protected":false},"excerpt":{"rendered":"<p>Correr\u00e1s para construir una metr\u00f3polis y ocupar\u00e1s tu lugar sobre el edificio m\u00e1s alto y reclamar\u00e1s la victoria<\/p>\n","protected":false},"featured_media":18420,"template":"","meta":{"inline_featured_image":false,"_juego_de_la_semana":"no","_idioma":"Ingles","_jugadores-minimos":"2","_jugadores-maximos":"5","_duracion-minima":"30","_duracion-maxima":"","_edad-recomendada":"8","_editorial":"Spin Master","imagen-header":"19044","_precio-proveedor":"","_fecha-compra":0},"product_brand":[],"product_cat":[162],"product_tag":[],"editoriales":[193],"class_list":{"0":"post-17316","1":"product","2":"type-product","3":"status-publish","4":"has-post-thumbnail","6":"product_cat-destacados","7":"editoriales-spin-master","9":"first","10":"instock","11":"shipping-taxable","12":"purchasable","13":"product-type-simple"},"_links":{"self":[{"href":"https:\/\/shapp.mx\/ludoteka\/wp-json\/wp\/v2\/product\/17316","targetHints":{"allow":["GET"]}}],"collection":[{"href":"https:\/\/shapp.mx\/ludoteka\/wp-json\/wp\/v2\/product"}],"about":[{"href":"https:\/\/shapp.mx\/ludoteka\/wp-json\/wp\/v2\/types\/product"}],"wp:featuredmedia":[{"embeddable":true,"href":"https:\/\/shapp.mx\/ludoteka\/wp-json\/wp\/v2\/media\/18420"}],"wp:attachment":[{"href":"https:\/\/shapp.mx\/ludoteka\/wp-json\/wp\/v2\/media?parent=17316"}],"wp:term":[{"taxonomy":"product_brand","embeddable":true,"href":"https:\/\/shapp.mx\/ludoteka\/wp-json\/wp\/v2\/product_brand?post=17316"},{"taxonomy":"product_cat","embeddable":true,"href":"https:\/\/shapp.mx\/ludoteka\/wp-json\/wp\/v2\/product_cat?post=17316"},{"taxonomy":"product_tag","embeddable":true,"href":"https:\/\/shapp.mx\/ludoteka\/wp-json\/wp\/v2\/product_tag?post=17316"},{"taxonomy":"editoriales","embeddable":true,"href":"https:\/\/shapp.mx\/ludoteka\/wp-json\/wp\/v2\/editoriales?post=17316"}],"curies":[{"name":"wp","href":"https:\/\/api.w.org\/{rel}","templated":true}]}}