{"id":17322,"date":"2023-04-21T16:32:13","date_gmt":"2023-04-21T22:32:13","guid":{"rendered":"https:\/\/arka.design\/ludoteka\/?post_type=product&#038;p=17322"},"modified":"2023-06-29T12:51:24","modified_gmt":"2023-06-29T18:51:24","slug":"unstable-unicorns","status":"publish","type":"product","link":"https:\/\/shapp.mx\/ludoteka\/producto\/unstable-unicorns\/","title":{"rendered":"Unstable Unicorns"},"content":{"rendered":"<p>Un juego de cartas estrat\u00e9gico sobre las dos cosas favoritas de todos: destrucci\u00f3n y unicornios. El objetivo de Unstable Unicorns es ser la primera persona en recolectar siete unicornios en tu \u00e1rea de juego, tambi\u00e9n conocida como tu establo. Usa cartas m\u00e1gicas, instant\u00e1neas, mejoradas y degradadas para obstaculizar el progreso de tus oponentes y destruir sus unicornios. Pero cuidado: cada jugador tambi\u00e9n tiene todas estas herramientas a su disposici\u00f3n, y es posible que tus planes se vean frustrados por una carta de \u00abRelincho\u00bb bien jugada. Prep\u00e1rate para destruir tus amistades&#8230; pero en el buen sentido.<\/p>\n","protected":false},"excerpt":{"rendered":"<p>Un juego de cartas estrat\u00e9gico sobre las dos cosas favoritas de todos: destrucci\u00f3n y unicornios. El objetivo de Unstable Unicorns es ser la primera persona en recolectar siete unicornios en tu \u00e1rea de juego, tambi\u00e9n conocida como tu establo. Usa cartas m\u00e1gicas, instant\u00e1neas, mejoradas y degradadas para obstaculizar el progreso de tus oponentes y destruir [&hellip;]<\/p>\n","protected":false},"featured_media":18434,"template":"","meta":{"inline_featured_image":false,"_juego_de_la_semana":"no","_idioma":"Espa\u00f1ol","_jugadores-minimos":"2","_jugadores-maximos":"8","_duracion-minima":"30","_duracion-maxima":"60","_edad-recomendada":"8","_editorial":"","imagen-header":"19044","_precio-proveedor":"","_fecha-compra":0},"product_brand":[],"product_cat":[162,168],"product_tag":[],"editoriales":[],"class_list":{"0":"post-17322","1":"product","2":"type-product","3":"status-publish","4":"has-post-thumbnail","6":"product_cat-destacados","7":"product_cat-juegos-de-cartas","9":"first","10":"instock","11":"shipping-taxable","12":"product-type-simple"},"_links":{"self":[{"href":"https:\/\/shapp.mx\/ludoteka\/wp-json\/wp\/v2\/product\/17322","targetHints":{"allow":["GET"]}}],"collection":[{"href":"https:\/\/shapp.mx\/ludoteka\/wp-json\/wp\/v2\/product"}],"about":[{"href":"https:\/\/shapp.mx\/ludoteka\/wp-json\/wp\/v2\/types\/product"}],"wp:featuredmedia":[{"embeddable":true,"href":"https:\/\/shapp.mx\/ludoteka\/wp-json\/wp\/v2\/media\/18434"}],"wp:attachment":[{"href":"https:\/\/shapp.mx\/ludoteka\/wp-json\/wp\/v2\/media?parent=17322"}],"wp:term":[{"taxonomy":"product_brand","embeddable":true,"href":"https:\/\/shapp.mx\/ludoteka\/wp-json\/wp\/v2\/product_brand?post=17322"},{"taxonomy":"product_cat","embeddable":true,"href":"https:\/\/shapp.mx\/ludoteka\/wp-json\/wp\/v2\/product_cat?post=17322"},{"taxonomy":"product_tag","embeddable":true,"href":"https:\/\/shapp.mx\/ludoteka\/wp-json\/wp\/v2\/product_tag?post=17322"},{"taxonomy":"editoriales","embeddable":true,"href":"https:\/\/shapp.mx\/ludoteka\/wp-json\/wp\/v2\/editoriales?post=17322"}],"curies":[{"name":"wp","href":"https:\/\/api.w.org\/{rel}","templated":true}]}}