{"id":18702,"date":"2023-06-16T11:19:23","date_gmt":"2023-06-16T17:19:23","guid":{"rendered":"https:\/\/shapp.mx\/ludoteka\/?post_type=product&#038;p=18702"},"modified":"2023-06-29T12:44:50","modified_gmt":"2023-06-29T18:44:50","slug":"arre-unicornio","status":"publish","type":"product","link":"https:\/\/shapp.mx\/ludoteka\/producto\/arre-unicornio\/","title":{"rendered":"Arre Unicornio"},"content":{"rendered":"<p>\u00a1Arre Unicornio!\u00a0es un juego de roles ocultos ambientado en un manicomio de muy bajo presupuesto. Los enfermos mentales est\u00e1n al borde de la locura con tanto tratamiento y la \u00fanica soluci\u00f3n viable que les queda es intentar escapar del manicomio que los retiene.<\/p>\n","protected":false},"excerpt":{"rendered":"<p>\u00a1Arre Unicornio!\u00a0es un juego de roles ocultos ambientado en un manicomio de muy bajo presupuesto. Los enfermos mentales est\u00e1n al borde de la locura con tanto tratamiento y la \u00fanica soluci\u00f3n viable que les queda es intentar escapar del manicomio que los retiene.<\/p>\n","protected":false},"featured_media":18965,"template":"","meta":{"inline_featured_image":false,"_juego_de_la_semana":"no","_idioma":"Espa\u00f1ol","_jugadores-minimos":"2","_jugadores-maximos":"8","_duracion-minima":"20","_duracion-maxima":"40","_edad-recomendada":"","_editorial":"","imagen-header":"19044","_precio-proveedor":"","_fecha-compra":0},"product_brand":[],"product_cat":[168],"product_tag":[],"editoriales":[190],"class_list":{"0":"post-18702","1":"product","2":"type-product","3":"status-publish","4":"has-post-thumbnail","6":"product_cat-juegos-de-cartas","7":"editoriales-zacatrus","9":"first","10":"instock","11":"shipping-taxable","12":"purchasable","13":"product-type-simple"},"_links":{"self":[{"href":"https:\/\/shapp.mx\/ludoteka\/wp-json\/wp\/v2\/product\/18702","targetHints":{"allow":["GET"]}}],"collection":[{"href":"https:\/\/shapp.mx\/ludoteka\/wp-json\/wp\/v2\/product"}],"about":[{"href":"https:\/\/shapp.mx\/ludoteka\/wp-json\/wp\/v2\/types\/product"}],"wp:featuredmedia":[{"embeddable":true,"href":"https:\/\/shapp.mx\/ludoteka\/wp-json\/wp\/v2\/media\/18965"}],"wp:attachment":[{"href":"https:\/\/shapp.mx\/ludoteka\/wp-json\/wp\/v2\/media?parent=18702"}],"wp:term":[{"taxonomy":"product_brand","embeddable":true,"href":"https:\/\/shapp.mx\/ludoteka\/wp-json\/wp\/v2\/product_brand?post=18702"},{"taxonomy":"product_cat","embeddable":true,"href":"https:\/\/shapp.mx\/ludoteka\/wp-json\/wp\/v2\/product_cat?post=18702"},{"taxonomy":"product_tag","embeddable":true,"href":"https:\/\/shapp.mx\/ludoteka\/wp-json\/wp\/v2\/product_tag?post=18702"},{"taxonomy":"editoriales","embeddable":true,"href":"https:\/\/shapp.mx\/ludoteka\/wp-json\/wp\/v2\/editoriales?post=18702"}],"curies":[{"name":"wp","href":"https:\/\/api.w.org\/{rel}","templated":true}]}}