{"id":18707,"date":"2023-06-16T11:48:10","date_gmt":"2023-06-16T17:48:10","guid":{"rendered":"https:\/\/shapp.mx\/ludoteka\/?post_type=product&#038;p=18707"},"modified":"2023-06-29T12:41:24","modified_gmt":"2023-06-29T18:41:24","slug":"cakes","status":"publish","type":"product","link":"https:\/\/shapp.mx\/ludoteka\/producto\/cakes\/","title":{"rendered":"Cakes"},"content":{"rendered":"<p>Es un juego de habilidad absolutamente ca\u00f3tico y divertido, muy r\u00e1pido y f\u00e1cil de aprender, aunque nada f\u00e1cil de jugar. Al menos, para personas adultas. Y es que el nivel de dificultad se ha nivelado para que peques y mayores puedan jugar en igualdad de condiciones.<\/p>\n","protected":false},"excerpt":{"rendered":"<p>Es un juego de habilidad absolutamente ca\u00f3tico y divertido, muy r\u00e1pido y f\u00e1cil de aprender, aunque nada f\u00e1cil de jugar. Al menos, para personas adultas. Y es que el nivel de dificultad se ha nivelado para que peques y mayores puedan jugar en igualdad de condiciones.<\/p>\n","protected":false},"featured_media":18972,"template":"","meta":{"inline_featured_image":false,"_juego_de_la_semana":"no","_idioma":"Espa\u00f1ol","_jugadores-minimos":"","_jugadores-maximos":"","_duracion-minima":"","_duracion-maxima":"","_edad-recomendada":"","_editorial":"","imagen-header":"19044","_precio-proveedor":"","_fecha-compra":0},"product_brand":[],"product_cat":[162],"product_tag":[],"editoriales":[],"class_list":{"0":"post-18707","1":"product","2":"type-product","3":"status-publish","4":"has-post-thumbnail","6":"product_cat-destacados","8":"first","9":"instock","10":"shipping-taxable","11":"purchasable","12":"product-type-simple"},"_links":{"self":[{"href":"https:\/\/shapp.mx\/ludoteka\/wp-json\/wp\/v2\/product\/18707","targetHints":{"allow":["GET"]}}],"collection":[{"href":"https:\/\/shapp.mx\/ludoteka\/wp-json\/wp\/v2\/product"}],"about":[{"href":"https:\/\/shapp.mx\/ludoteka\/wp-json\/wp\/v2\/types\/product"}],"wp:featuredmedia":[{"embeddable":true,"href":"https:\/\/shapp.mx\/ludoteka\/wp-json\/wp\/v2\/media\/18972"}],"wp:attachment":[{"href":"https:\/\/shapp.mx\/ludoteka\/wp-json\/wp\/v2\/media?parent=18707"}],"wp:term":[{"taxonomy":"product_brand","embeddable":true,"href":"https:\/\/shapp.mx\/ludoteka\/wp-json\/wp\/v2\/product_brand?post=18707"},{"taxonomy":"product_cat","embeddable":true,"href":"https:\/\/shapp.mx\/ludoteka\/wp-json\/wp\/v2\/product_cat?post=18707"},{"taxonomy":"product_tag","embeddable":true,"href":"https:\/\/shapp.mx\/ludoteka\/wp-json\/wp\/v2\/product_tag?post=18707"},{"taxonomy":"editoriales","embeddable":true,"href":"https:\/\/shapp.mx\/ludoteka\/wp-json\/wp\/v2\/editoriales?post=18707"}],"curies":[{"name":"wp","href":"https:\/\/api.w.org\/{rel}","templated":true}]}}