{"id":18731,"date":"2023-06-17T09:41:10","date_gmt":"2023-06-17T15:41:10","guid":{"rendered":"https:\/\/shapp.mx\/ludoteka\/?post_type=product&#038;p=18731"},"modified":"2023-06-29T12:20:11","modified_gmt":"2023-06-29T18:20:11","slug":"one-week-ultimete","status":"publish","type":"product","link":"https:\/\/shapp.mx\/ludoteka\/producto\/one-week-ultimete\/","title":{"rendered":"One Week ultimete"},"content":{"rendered":"<p>One Week Ultimate Werewolf toma el juego de One Night Ultimate Werewolf y lo retuerce en un nudo, con una tensi\u00f3n cada vez mayor mientras te aventuras en las habitaciones especiales del Castillo de Ludwig. Cada habitaci\u00f3n proporciona un poder especial, y esos poderes son la clave para descubrir el misterio de qui\u00e9n entre vosotros es un hombre lobo. Los roles se pueden ver y cambiar varias veces antes de que todo se diga y se haga y luego se lleve a cabo la votaci\u00f3n final.<\/p>\n","protected":false},"excerpt":{"rendered":"<p>One Week Ultimate Werewolf toma el juego de One Night Ultimate Werewolf y lo retuerce en un nudo, con una tensi\u00f3n cada vez mayor mientras te aventuras en las habitaciones especiales del Castillo de Ludwig. Cada habitaci\u00f3n proporciona un poder especial, y esos poderes son la clave para descubrir el misterio de qui\u00e9n entre vosotros [&hellip;]<\/p>\n","protected":false},"featured_media":18408,"template":"","meta":{"inline_featured_image":false,"_juego_de_la_semana":"no","_idioma":"Ingles","_jugadores-minimos":"","_jugadores-maximos":"","_duracion-minima":"","_duracion-maxima":"","_edad-recomendada":"","_editorial":"","imagen-header":"19044","_precio-proveedor":"","_fecha-compra":0},"product_brand":[],"product_cat":[162],"product_tag":[],"editoriales":[],"class_list":{"0":"post-18731","1":"product","2":"type-product","3":"status-publish","4":"has-post-thumbnail","6":"product_cat-destacados","8":"first","9":"instock","10":"shipping-taxable","11":"purchasable","12":"product-type-simple"},"_links":{"self":[{"href":"https:\/\/shapp.mx\/ludoteka\/wp-json\/wp\/v2\/product\/18731","targetHints":{"allow":["GET"]}}],"collection":[{"href":"https:\/\/shapp.mx\/ludoteka\/wp-json\/wp\/v2\/product"}],"about":[{"href":"https:\/\/shapp.mx\/ludoteka\/wp-json\/wp\/v2\/types\/product"}],"wp:featuredmedia":[{"embeddable":true,"href":"https:\/\/shapp.mx\/ludoteka\/wp-json\/wp\/v2\/media\/18408"}],"wp:attachment":[{"href":"https:\/\/shapp.mx\/ludoteka\/wp-json\/wp\/v2\/media?parent=18731"}],"wp:term":[{"taxonomy":"product_brand","embeddable":true,"href":"https:\/\/shapp.mx\/ludoteka\/wp-json\/wp\/v2\/product_brand?post=18731"},{"taxonomy":"product_cat","embeddable":true,"href":"https:\/\/shapp.mx\/ludoteka\/wp-json\/wp\/v2\/product_cat?post=18731"},{"taxonomy":"product_tag","embeddable":true,"href":"https:\/\/shapp.mx\/ludoteka\/wp-json\/wp\/v2\/product_tag?post=18731"},{"taxonomy":"editoriales","embeddable":true,"href":"https:\/\/shapp.mx\/ludoteka\/wp-json\/wp\/v2\/editoriales?post=18731"}],"curies":[{"name":"wp","href":"https:\/\/api.w.org\/{rel}","templated":true}]}}