{"id":18734,"date":"2023-06-17T09:49:23","date_gmt":"2023-06-17T15:49:23","guid":{"rendered":"https:\/\/shapp.mx\/ludoteka\/?post_type=product&#038;p=18734"},"modified":"2023-06-29T12:18:20","modified_gmt":"2023-06-29T18:18:20","slug":"pick-a-cerdo","status":"publish","type":"product","link":"https:\/\/shapp.mx\/ludoteka\/producto\/pick-a-cerdo\/","title":{"rendered":"Pick a Cerdo"},"content":{"rendered":"<p>Cada jugador recibe una carta boca abajo. A la voz de \u00ab\u00a1YA!\u00bb, voltea tu carta y apres\u00farate a coger otro cerdo que sea exactamente igual o muestre una \u00fanica diferencia con respecto a tu carta. Sigue cogiendo tantas cartas v\u00e1lidas como puedas. Cuando ya no puedas m\u00e1s, grita \u00ab\u00a1ALTO!\u00bb y recibe tu recompensa.<\/p>\n","protected":false},"excerpt":{"rendered":"<p>Cada jugador recibe una carta boca abajo. A la voz de \u00ab\u00a1YA!\u00bb, voltea tu carta y apres\u00farate a coger otro cerdo que sea exactamente igual o muestre una \u00fanica diferencia con respecto a tu carta. Sigue cogiendo tantas cartas v\u00e1lidas como puedas. Cuando ya no puedas m\u00e1s, grita \u00ab\u00a1ALTO!\u00bb y recibe tu recompensa.<\/p>\n","protected":false},"featured_media":18412,"template":"","meta":{"inline_featured_image":false,"_juego_de_la_semana":"no","_idioma":"Espa\u00f1ol","_jugadores-minimos":"1","_jugadores-maximos":"5","_duracion-minima":"13","_duracion-maxima":"","_edad-recomendada":"8","_editorial":"Devir","imagen-header":"19044","_precio-proveedor":"","_fecha-compra":0},"product_brand":[],"product_cat":[165,168],"product_tag":[],"editoriales":[184],"class_list":{"0":"post-18734","1":"product","2":"type-product","3":"status-publish","4":"has-post-thumbnail","6":"product_cat-infantil","7":"product_cat-juegos-de-cartas","8":"editoriales-devir","10":"first","11":"instock","12":"shipping-taxable","13":"purchasable","14":"product-type-simple"},"_links":{"self":[{"href":"https:\/\/shapp.mx\/ludoteka\/wp-json\/wp\/v2\/product\/18734","targetHints":{"allow":["GET"]}}],"collection":[{"href":"https:\/\/shapp.mx\/ludoteka\/wp-json\/wp\/v2\/product"}],"about":[{"href":"https:\/\/shapp.mx\/ludoteka\/wp-json\/wp\/v2\/types\/product"}],"wp:featuredmedia":[{"embeddable":true,"href":"https:\/\/shapp.mx\/ludoteka\/wp-json\/wp\/v2\/media\/18412"}],"wp:attachment":[{"href":"https:\/\/shapp.mx\/ludoteka\/wp-json\/wp\/v2\/media?parent=18734"}],"wp:term":[{"taxonomy":"product_brand","embeddable":true,"href":"https:\/\/shapp.mx\/ludoteka\/wp-json\/wp\/v2\/product_brand?post=18734"},{"taxonomy":"product_cat","embeddable":true,"href":"https:\/\/shapp.mx\/ludoteka\/wp-json\/wp\/v2\/product_cat?post=18734"},{"taxonomy":"product_tag","embeddable":true,"href":"https:\/\/shapp.mx\/ludoteka\/wp-json\/wp\/v2\/product_tag?post=18734"},{"taxonomy":"editoriales","embeddable":true,"href":"https:\/\/shapp.mx\/ludoteka\/wp-json\/wp\/v2\/editoriales?post=18734"}],"curies":[{"name":"wp","href":"https:\/\/api.w.org\/{rel}","templated":true}]}}