{"id":18782,"date":"2023-06-19T08:37:40","date_gmt":"2023-06-19T14:37:40","guid":{"rendered":"https:\/\/shapp.mx\/ludoteka\/?post_type=product&#038;p=18782"},"modified":"2023-07-05T16:29:30","modified_gmt":"2023-07-05T22:29:30","slug":"spoilers-edicion-definitiva","status":"publish","type":"product","link":"https:\/\/shapp.mx\/ludoteka\/producto\/spoilers-edicion-definitiva\/","title":{"rendered":"Spoilers Edici\u00f3n Definitiva\u00a0"},"content":{"rendered":"<p>Es el juego de mesa de preguntas sobre cine m\u00e1s disparatado. O mejor dicho, las pel\u00edculas que encontrar\u00e1s en\u00a0Spoilers Edici\u00f3n Definitiva\u00a0son disparatadas y\u2026 son tan reales que pondr\u00e1n a prueba tu incredulidad y capacidad deductiva.<\/p>\n","protected":false},"excerpt":{"rendered":"<p>Es el juego de mesa de preguntas sobre cine m\u00e1s disparatado. O mejor dicho, las pel\u00edculas que encontrar\u00e1s en\u00a0Spoilers Edici\u00f3n Definitiva\u00a0son disparatadas y\u2026 son tan reales que pondr\u00e1n a prueba tu incredulidad y capacidad deductiva.<\/p>\n","protected":false},"featured_media":18427,"template":"","meta":{"inline_featured_image":false,"_juego_de_la_semana":"no","_idioma":"Espa\u00f1ol","_jugadores-minimos":"4","_jugadores-maximos":"8","_duracion-minima":"15","_duracion-maxima":"","_edad-recomendada":"","_editorial":"","imagen-header":"19044","_precio-proveedor":"","_fecha-compra":0},"product_brand":[],"product_cat":[171],"product_tag":[],"editoriales":[],"class_list":{"0":"post-18782","1":"product","2":"type-product","3":"status-publish","4":"has-post-thumbnail","6":"product_cat-party-game","8":"first","9":"instock","10":"shipping-taxable","11":"purchasable","12":"product-type-simple"},"_links":{"self":[{"href":"https:\/\/shapp.mx\/ludoteka\/wp-json\/wp\/v2\/product\/18782","targetHints":{"allow":["GET"]}}],"collection":[{"href":"https:\/\/shapp.mx\/ludoteka\/wp-json\/wp\/v2\/product"}],"about":[{"href":"https:\/\/shapp.mx\/ludoteka\/wp-json\/wp\/v2\/types\/product"}],"wp:featuredmedia":[{"embeddable":true,"href":"https:\/\/shapp.mx\/ludoteka\/wp-json\/wp\/v2\/media\/18427"}],"wp:attachment":[{"href":"https:\/\/shapp.mx\/ludoteka\/wp-json\/wp\/v2\/media?parent=18782"}],"wp:term":[{"taxonomy":"product_brand","embeddable":true,"href":"https:\/\/shapp.mx\/ludoteka\/wp-json\/wp\/v2\/product_brand?post=18782"},{"taxonomy":"product_cat","embeddable":true,"href":"https:\/\/shapp.mx\/ludoteka\/wp-json\/wp\/v2\/product_cat?post=18782"},{"taxonomy":"product_tag","embeddable":true,"href":"https:\/\/shapp.mx\/ludoteka\/wp-json\/wp\/v2\/product_tag?post=18782"},{"taxonomy":"editoriales","embeddable":true,"href":"https:\/\/shapp.mx\/ludoteka\/wp-json\/wp\/v2\/editoriales?post=18782"}],"curies":[{"name":"wp","href":"https:\/\/api.w.org\/{rel}","templated":true}]}}